{"id":89,"date":"2018-04-27T17:00:39","date_gmt":"2018-04-27T15:00:39","guid":{"rendered":"http:\/\/colliewelt.de\/forevermindcollies\/?page_id=89"},"modified":"2020-03-28T08:57:41","modified_gmt":"2020-03-28T07:57:41","slug":"senioren","status":"publish","type":"page","link":"https:\/\/colliewelt.de\/forevermindcollies\/senioren\/","title":{"rendered":"Senioren"},"content":{"rendered":"<table border=\"0\" align=\"center\">\n<tbody>\n<tr>\n<td><span style=\"font-size: large;\">Bajou vom Salzhaff\u00a0 <\/span><\/td>\n<\/tr>\n<tr>\n<td><\/td>\n<\/tr>\n<tr>\n<td>\u00a0Wt: 08.02.2006\u00a0 CEA\/PRA\/KAT frei mit 8 Wochen, HD A, MDR1 +\/-<br \/>\nempfohlene Zuchtzulassung<\/p>\n<p>V: Ch. Blue Phantom vom Asgard<br \/>\nM: Scilly vom Salzhaff<\/td>\n<\/tr>\n<\/tbody>\n<\/table>\n<div align=\"center\">\n<table border=\"0\">\n<tbody>\n<tr>\n<td><span style=\"font-size: x-large;\">Dzhimis Uncluded Happiness<\/span><\/td>\n<td><\/td>\n<\/tr>\n<tr>\n<td><\/td>\n<td><\/td>\n<\/tr>\n<\/tbody>\n<\/table>\n<\/div>\n<table border=\"0\" width=\"24\" align=\"center\">\n<tbody>\n<tr>\n<td align=\"center\"><img loading=\"lazy\" decoding=\"async\" src=\"https:\/\/colliewelt.de\/forevermind\/Bilder\/Userbilder\/home\/happy\/1.jpg\" alt=\" \" width=\"500\" height=\"370\" border=\"0\" \/><\/td>\n<td align=\"center\"><\/td>\n<\/tr>\n<tr>\n<td align=\"center\">Happy ist eine \u201eeindrucksvolle\u201c H\u00fcndin aus Russland, mit sch\u00f6nem dichten Fell, sehr gutem Gesichtsausdruck, vorz\u00fcgliches Geb\u00e4ude und flottem Gangwerk.<\/p>\n<p>Wir kannten Happy nur vom wochenlangen Fotoaustausch.<br \/>\nMit 12 Wochen reiste meine Tochter Sabrina und ich (Hedi) zu Olga Brezitski um Happy unser &#8220;Gl\u00fcck&#8221; abzuholen.<br \/>\nWir waren von ihrem Anblick total begeistert!<\/p>\n<p>Sie ist eine sehr liebe, anh\u00e4ngliche und gespr\u00e4chige H\u00fcndin, die viel zu erz\u00e4hlen hat. Ihren vorherigen Rufnamen bei Olga hat sie nicht vergessen!<\/p>\n<p>(Wenn ich sie mit diesem Name anrede, f\u00e4ngt sie zu erz\u00e4hlen an!)<\/p>\n<p>Happy wei\u00df genau, wie sie sich im Ring zu pr\u00e4sentieren hat und zeigt sich von der allerbesten Seite.<\/p>\n<p>Auf Ausstellungen konnte sie sich schon mehrmals \u201eplatzieren\u201c und \u201evorz\u00fcgliche Bewertungen\u201c von Richtern einholen. Ihr Exterieur, Ausstrahlung u. Gangwerk konnte Happy \u00f6fters erfolgreich unter Beweis stellen.<\/p>\n<p>Durch ihr Wesen und Charisma ist sie eine bezaubernde Collieh\u00fcndin f\u00fcr die Zucht, die eine w\u00fcrdige Vertreterin ihrer Rasse darstellt.<\/p>\n<p class=\"St3\">Herzlichen Dank Olga Brezitski u. Oksana Cheb f\u00fcr diese wunderbare und einzigartige Traumh\u00fcndin!<\/p>\n<p>\u201eHappys\u201c Kinder siehe unter<\/p>\n<p>Nachzucht<\/p>\n<p><strong>&#8211; A\u00a0, B, C und H Wurf<\/strong><\/td>\n<td align=\"center\"><\/td>\n<\/tr>\n<\/tbody>\n<\/table>\n<table border=\"0\" align=\"center\">\n<tbody>\n<tr>\n<td align=\"center\"><img loading=\"lazy\" decoding=\"async\" src=\"https:\/\/colliewelt.de\/forevermind\/Bilder\/Userbilder\/home\/happy\/2.jpg\" alt=\" \" width=\"500\" height=\"371\" border=\"0\" \/><\/td>\n<td align=\"center\"><\/td>\n<\/tr>\n<tr>\n<td align=\"center\"><\/td>\n<td align=\"center\"><\/td>\n<\/tr>\n<tr>\n<td><\/td>\n<td><\/td>\n<\/tr>\n<\/tbody>\n<\/table>\n<table border=\"0\" cellpadding=\"2\" align=\"center\">\n<tbody>\n<tr>\n<td><img loading=\"lazy\" decoding=\"async\" src=\"https:\/\/colliewelt.de\/forevermind\/Bilder\/Userbilder\/home\/happy\/3.jpg\" alt=\" \" width=\"350\" height=\"455\" border=\"0\" \/><\/td>\n<td><\/td>\n<td>\u00a0<img loading=\"lazy\" decoding=\"async\" src=\"https:\/\/colliewelt.de\/forevermind\/Bilder\/Userbilder\/home\/happy\/4.jpg\" alt=\" \" width=\"320\" height=\"470\" border=\"0\" \/><\/td>\n<\/tr>\n<tr>\n<td><\/td>\n<td><\/td>\n<td><\/td>\n<\/tr>\n<\/tbody>\n<\/table>\n","protected":false},"excerpt":{"rendered":"<p>Bajou vom Salzhaff\u00a0 \u00a0Wt: 08.02.2006\u00a0 CEA\/PRA\/KAT frei mit 8 Wochen, HD A, MDR1 +\/- empfohlene Zuchtzulassung V: Ch. Blue Phantom[&#8230;]<\/p>\n","protected":false},"author":1,"featured_media":0,"parent":0,"menu_order":0,"comment_status":"closed","ping_status":"closed","template":"","meta":{"footnotes":""},"class_list":["post-89","page","type-page","status-publish","hentry"],"_links":{"self":[{"href":"https:\/\/colliewelt.de\/forevermindcollies\/wp-json\/wp\/v2\/pages\/89","targetHints":{"allow":["GET"]}}],"collection":[{"href":"https:\/\/colliewelt.de\/forevermindcollies\/wp-json\/wp\/v2\/pages"}],"about":[{"href":"https:\/\/colliewelt.de\/forevermindcollies\/wp-json\/wp\/v2\/types\/page"}],"author":[{"embeddable":true,"href":"https:\/\/colliewelt.de\/forevermindcollies\/wp-json\/wp\/v2\/users\/1"}],"replies":[{"embeddable":true,"href":"https:\/\/colliewelt.de\/forevermindcollies\/wp-json\/wp\/v2\/comments?post=89"}],"version-history":[{"count":2,"href":"https:\/\/colliewelt.de\/forevermindcollies\/wp-json\/wp\/v2\/pages\/89\/revisions"}],"predecessor-version":[{"id":214,"href":"https:\/\/colliewelt.de\/forevermindcollies\/wp-json\/wp\/v2\/pages\/89\/revisions\/214"}],"wp:attachment":[{"href":"https:\/\/colliewelt.de\/forevermindcollies\/wp-json\/wp\/v2\/media?parent=89"}],"curies":[{"name":"wp","href":"https:\/\/api.w.org\/{rel}","templated":true}]}}