{"id":157,"date":"2018-04-28T11:43:06","date_gmt":"2018-04-28T09:43:06","guid":{"rendered":"https:\/\/colliewelt.de\/forevermindcollies\/?page_id=157"},"modified":"2020-03-28T08:12:05","modified_gmt":"2020-03-28T07:12:05","slug":"funny","status":"publish","type":"page","link":"https:\/\/colliewelt.de\/forevermindcollies\/funny\/","title":{"rendered":"Funny"},"content":{"rendered":"<div class=\"entry-content clearfix\">\n<div class=\"elementor elementor-8 elementor-bc-flex-widget\" data-elementor-type=\"wp-page\" data-elementor-id=\"8\" data-elementor-settings=\"[]\">\n<div class=\"elementor-inner\">\n<div class=\"elementor-section-wrap\">\n<section class=\"elementor-element elementor-element-6031209 elementor-section-boxed elementor-section-height-default elementor-section-height-default elementor-section elementor-top-section\" data-id=\"6031209\" data-element_type=\"section\">\n<div class=\"elementor-container elementor-column-gap-default\">\n<div class=\"elementor-row\">\n<div class=\"elementor-element elementor-element-5456911 elementor-column elementor-col-50 elementor-top-column\" data-id=\"5456911\" data-element_type=\"column\">\n<div class=\"elementor-column-wrap  elementor-element-populated\">\n<div class=\"elementor-widget-wrap\">\n<section class=\"elementor-element elementor-element-fed57dc elementor-section-boxed elementor-section-height-default elementor-section-height-default elementor-section elementor-inner-section\" data-id=\"fed57dc\" data-element_type=\"section\">\n<div class=\"elementor-container elementor-column-gap-default\">\n<div class=\"elementor-row\">\n<div class=\"elementor-element elementor-element-1b7c2fb elementor-column elementor-col-50 elementor-inner-column\" data-id=\"1b7c2fb\" data-element_type=\"column\">\n<div class=\"elementor-column-wrap  elementor-element-populated\">\n<div class=\"elementor-widget-wrap\">\n<div class=\"elementor-element elementor-element-e03b2a0 elementor-widget elementor-widget-spacer\" data-id=\"e03b2a0\" data-element_type=\"widget\" data-widget_type=\"spacer.default\">\n<div class=\"elementor-widget-container\">\n<div class=\"elementor-spacer\"><\/div>\n<\/div>\n<\/div>\n<\/div>\n<\/div>\n<\/div>\n<\/div>\n<\/div>\n<\/section>\n<\/div>\n<\/div>\n<\/div>\n<div class=\"elementor-element elementor-element-f875162 elementor-column elementor-col-50 elementor-top-column\" data-id=\"f875162\" data-element_type=\"column\">\n<div class=\"elementor-column-wrap  elementor-element-populated\">\n<div class=\"elementor-widget-wrap\">\n<section class=\"elementor-element elementor-element-bd2f183 elementor-section-boxed elementor-section-height-default elementor-section-height-default elementor-section elementor-inner-section\" data-id=\"bd2f183\" data-element_type=\"section\">\n<div class=\"elementor-container elementor-column-gap-default\">\n<div class=\"elementor-row\">\n<div class=\"elementor-element elementor-element-b86169f elementor-column elementor-col-100 elementor-inner-column\" data-id=\"b86169f\" data-element_type=\"column\">\n<div class=\"elementor-column-wrap  elementor-element-populated\">\n<div class=\"elementor-widget-wrap\">\n<div class=\"elementor-element elementor-element-ac03661 elementor-widget elementor-widget-image\" data-id=\"ac03661\" data-element_type=\"widget\" data-widget_type=\"image.default\">\n<div class=\"elementor-widget-container\">\n<div class=\"elementor-image\"><\/div>\n<\/div>\n<\/div>\n<div class=\"elementor-element elementor-element-62a0830 elementor-widget elementor-widget-spacer\" data-id=\"62a0830\" data-element_type=\"widget\" data-widget_type=\"spacer.default\">\n<div class=\"elementor-widget-container\">\n<div class=\"elementor-spacer\">\n<div class=\"elementor-spacer-inner\"><\/div>\n<\/div>\n<\/div>\n<\/div>\n<div class=\"elementor-element elementor-element-86db53c elementor-widget elementor-widget-image\" data-id=\"86db53c\" data-element_type=\"widget\" data-widget_type=\"image.default\">\n<div class=\"elementor-widget-container\">\n<div class=\"elementor-image\">\n<table style=\"height: 748px; width: 100%;\" width=\"796\" border=\"0\" align=\"center\">\n<tbody>\n<tr>\n<td style=\"width: 20.1266%;\"><\/td>\n<td style=\"width: 62.6583%;\">\n<p align=\"left\"><span style=\"color: #665a2f; font-size: x-large;\"><span style=\"color: #000000; font-size: large;\">&nbsp;<\/span><\/span><\/p>\n<\/td>\n<td style=\"width: 15.0633%;\"><\/td>\n<\/tr>\n<tr valign=\"top\">\n<td style=\"width: 20.1266%;\"><img loading=\"lazy\" decoding=\"async\" src=\"https:\/\/colliewelt.de\/forevermind\/Bilder\/Userbilder\/hs1.jpg\" alt=\" \" width=\"184\" height=\"124\" border=\"0\"><img loading=\"lazy\" decoding=\"async\" src=\"https:\/\/colliewelt.de\/forevermind\/Bilder\/Userbilder\/hs3.jpg\" alt=\" \" width=\"184\" height=\"127\" border=\"0\"><\/p>\n<p><img loading=\"lazy\" decoding=\"async\" src=\"https:\/\/colliewelt.de\/forevermind\/Bilder\/Userbilder\/alle4.jpg\" alt=\" \" width=\"187\" height=\"125\" border=\"0\"><\/td>\n<td style=\"width: 62.6583%;\" valign=\"top\">\n<p align=\"left\"><span style=\"color: #665a2f; font-size: x-large;\"> <span style=\"color: #000000; font-size: large;\">Herzlich Willkommen!<br \/>\n<\/span><\/span><span style=\"color: #000000; font-size: medium;\">Erleben Sie mit uns eine einzigartige Colliewelt mit unvergesslichen Impressionen&nbsp;<\/span><span style=\"color: #000000; font-size: medium;\">und besuchen Sie uns wieder!<\/span><span style=\"color: #000000;\"><br \/>\n<\/span><span style=\"color: #000000; font-size: medium;\">Lassen Sie sich von dieser wundervollen Rasse inspirieren und verzaubern und begeben Sie sich auf die Reise&nbsp;zum Kennenlernen meiner&nbsp;bezaubernden Collies!<br \/>\n<\/span><span style=\"color: #000000; font-size: medium;\">Liebevolle Collies mit Charme, Charakter u. Ausdruck warten auf Sie!<br \/>\n<\/span><span style=\"color: #000000; font-size: medium;\">Als Freund, Familie,&nbsp;Ausstellung, Zucht und Hundesport<\/span><span style=\"color: #000000; font-size: medium;\"> u. v. m. <\/span><span style=\"color: #000000; font-size: medium;\"> 1. Platz erfolgreichster Nachwuchsz\u00fcchter 2011 lt. Auswertung Collie Revue Juni 2012 !!!<br \/>\n<\/span><span style=\"color: #000000; font-size: medium;\">Wir sind eine veterin\u00e4ramtlich zugelassene, kontrollierte und gepr\u00fcfte Colliezuchtst\u00e4tte in Bayern!<br \/>\n<\/span><span style=\"color: #000000; font-size: medium;\">Wir haben Collies zum Verlieben!&nbsp;Ihr <u><strong>&#8220;Traumhund&#8221;<\/strong><\/u> wartet schon <\/span><span style=\"color: #000000; font-size: medium;\">auf Sie!<\/span><\/p>\n<p align=\"left\"><span style=\"color: #000000;\">&nbsp;<\/span><\/p>\n<\/td>\n<td style=\"width: 15.0633%;\" valign=\"top\" align=\"center\"><img loading=\"lazy\" decoding=\"async\" src=\"https:\/\/colliewelt.de\/forevermind\/Bilder\/Userbilder\/dcc.png\" alt=\" \" width=\"51\" height=\"69\" border=\"0\"><\/p>\n<div><img loading=\"lazy\" decoding=\"async\" src=\"https:\/\/colliewelt.de\/forevermind\/Bilder\/Userbilder\/vdh.png\" alt=\" \" width=\"79\" height=\"44\" border=\"0\"><\/div>\n<div><img loading=\"lazy\" decoding=\"async\" src=\"https:\/\/colliewelt.de\/forevermind\/Bilder\/Userbilder\/fci.png\" alt=\" \" width=\"57\" height=\"57\" border=\"0\"><\/div>\n<\/td>\n<\/tr>\n<\/tbody>\n<\/table>\n<table width=\"881\" border=\"0\" align=\"center\">\n<tbody>\n<tr>\n<td>\n<div><img loading=\"lazy\" decoding=\"async\" src=\"https:\/\/colliewelt.de\/forevermind\/Bilder\/Userbilder\/vdh2016.gif\" alt=\" \" width=\"244\" height=\"156\" border=\"0\"><\/div>\n<\/td>\n<\/tr>\n<\/tbody>\n<\/table>\n<\/div>\n<\/div>\n<\/div>\n<div class=\"elementor-element elementor-element-e2948a7 elementor-widget elementor-widget-spacer\" data-id=\"e2948a7\" data-element_type=\"widget\" data-widget_type=\"spacer.default\">\n<div class=\"elementor-widget-container\">\n<div class=\"elementor-spacer\">\n<div class=\"elementor-spacer-inner\"><\/div>\n<\/div>\n<\/div>\n<\/div>\n<div class=\"elementor-element elementor-element-9388a67 elementor-widget elementor-widget-image\" data-id=\"9388a67\" data-element_type=\"widget\" data-widget_type=\"image.default\">\n<div class=\"elementor-widget-container\">\n<div class=\"elementor-image\"><\/div>\n<\/div>\n<\/div>\n<\/div>\n<\/div>\n<\/div>\n<\/div>\n<\/div>\n<\/section>\n<\/div>\n<\/div>\n<\/div>\n<\/div>\n<\/div>\n<\/section>\n<section class=\"elementor-element elementor-element-944f4c6 elementor-section-boxed elementor-section-height-default elementor-section-height-default elementor-section elementor-top-section\" data-id=\"944f4c6\" data-element_type=\"section\">\n<div class=\"elementor-container elementor-column-gap-default\">\n<div class=\"elementor-row\">\n<div class=\"elementor-element elementor-element-db5f2db elementor-column elementor-col-100 elementor-top-column\" data-id=\"db5f2db\" data-element_type=\"column\">\n<div class=\"elementor-column-wrap  elementor-element-populated\">\n<div class=\"elementor-widget-wrap\">\n<div class=\"elementor-element elementor-element-0f007fd elementor-widget elementor-widget-image\" data-id=\"0f007fd\" data-element_type=\"widget\" data-widget_type=\"image.default\">\n<div class=\"elementor-widget-container\">\n<div class=\"elementor-image\"><\/div>\n<\/div>\n<\/div>\n<\/div>\n<\/div>\n<\/div>\n<\/div>\n<\/div>\n<\/section>\n<\/div>\n<\/div>\n<\/div>\n<\/div>\n","protected":false},"excerpt":{"rendered":"<p>&nbsp; Herzlich Willkommen! Erleben Sie mit uns eine einzigartige Colliewelt mit unvergesslichen Impressionen&nbsp;und besuchen Sie uns wieder! Lassen Sie sich[&#8230;]<\/p>\n","protected":false},"author":1,"featured_media":0,"parent":0,"menu_order":0,"comment_status":"closed","ping_status":"closed","template":"template-fullwidth.php","meta":{"footnotes":""},"class_list":["post-157","page","type-page","status-publish","hentry"],"_links":{"self":[{"href":"https:\/\/colliewelt.de\/forevermindcollies\/wp-json\/wp\/v2\/pages\/157","targetHints":{"allow":["GET"]}}],"collection":[{"href":"https:\/\/colliewelt.de\/forevermindcollies\/wp-json\/wp\/v2\/pages"}],"about":[{"href":"https:\/\/colliewelt.de\/forevermindcollies\/wp-json\/wp\/v2\/types\/page"}],"author":[{"embeddable":true,"href":"https:\/\/colliewelt.de\/forevermindcollies\/wp-json\/wp\/v2\/users\/1"}],"replies":[{"embeddable":true,"href":"https:\/\/colliewelt.de\/forevermindcollies\/wp-json\/wp\/v2\/comments?post=157"}],"version-history":[{"count":7,"href":"https:\/\/colliewelt.de\/forevermindcollies\/wp-json\/wp\/v2\/pages\/157\/revisions"}],"predecessor-version":[{"id":185,"href":"https:\/\/colliewelt.de\/forevermindcollies\/wp-json\/wp\/v2\/pages\/157\/revisions\/185"}],"wp:attachment":[{"href":"https:\/\/colliewelt.de\/forevermindcollies\/wp-json\/wp\/v2\/media?parent=157"}],"curies":[{"name":"wp","href":"https:\/\/api.w.org\/{rel}","templated":true}]}}